, 7, 263
What are the prime factors of 3218?
2, 1609
List the prime factors of 31125.
3, 5, 83
List the prime factors of 35210.
2, 5, 7, 503
What are the prime factors of 394?
2, 197
List the prime factors of 38450.
2, 5, 769
List the prime factors of 1298.
2, 11, 59
What are the prime factors of 40837?
97, 421
List the prime factors of 2317.
7, 331
What are the prime factors of 2162?
2, 23, 47
List the prime factors of 7994.
2, 7, 571
List the prime factors of 856.
2, 107
List the prime factors of 6831.
3, 11, 23
What are the prime factors of 5797?
11, 17, 31
List the prime factors of 51475.
5, 29, 71
What are the prime factors of 15968?
2, 499
What are the prime factors of 119871?
3, 19, 701
List the prime factors of 1526.
2, 7, 109
What are the prime factors of 1917?
3, 71
What are the prime factors of 788?
2, 197
List the prime factors of 8387.
8387
List the prime factors of 1294.
2, 647
What are the prime factors of 20359?
20359
What are the prime factors of 655?
5, 131
List the prime factors of 57696.
2, 3, 601
What are the prime factors of 1403?
23, 61
List the prime factors of 979.
11, 89
What are the prime factors of 2240?
2, 5, 7
What are the prime factors of 37691?
37691
What are the prime factors of 5019?
3, 7, 239
What are the prime factors of 1769?
29, 61
List the prime factors of 2065.
5, 7, 59
List the prime factors of 14817.
3, 11, 449
What are the prime factors of 3923?
3923
List the prime factors of 31968.
2, 3, 37
List the prime factors of 51840.
2, 3, 5
What are the prime factors of 5373?
3, 199
List the prime factors of 7956.
2, 3, 13, 17
List the prime factors of 145884.
2, 3, 12157
List the prime factors of 43687.
7, 79
List the prime factors of 1124.
2, 281
List the prime factors of 25696.
2, 11, 73
What are the prime factors of 28777?
7, 4111
What are the prime factors of 2747?
41, 67
List the prime factors of 3505.
5, 701
List the prime factors of 133992.
2, 3, 1861
List the prime factors of 1143.
3, 127
List the prime factors of 1108.
2, 277
What are the prime factors of 8434?
2, 4217
List the prime factors of 762.
2, 3, 127
List the prime factors of 4160.
2, 5, 13
What are the prime factors of 625?
5
What are the prime factors of 856?
2, 107
What are the prime factors of 227?
227
What are the prime factors of 197?
197
List the prime factors of 1198.
2, 599
What are the prime factors of 17941?
7, 11, 233
List the prime factors of 29595.
3, 5, 1973
List the prime factors of 1030.
2, 5, 103
What are the prime factors of 63596?
2, 13, 1223
What are the prime factors of 99343?
41, 2423
List the prime factors of 1999.
1999
What are the prime factors of 4382?
2, 7, 313
List the prime factors of 763.
7, 109
List the prime factors of 10026.
2, 3, 557
List the prime factors of 15987.
3, 73
What are the prime factors of 864?
2, 3
List the prime factors of 9664.
2, 151
List the prime factors of 1979.
1979
List the prime factors of 19681.
19681
What are the prime factors of 184048?
2, 11503
What are the prime factors of 12074?
2, 6037
What are the prime factors of 473?
11, 43
List the prime factors of 345.
3, 5, 23
What are the prime factors of 114?
2, 3, 19
List the prime factors of 659.
659
List the prime factors of 42378.
2, 3, 7, 1009
What are the prime factors of 2972?
2, 743
List the prime factors of 2314.
2, 13, 89
What are the prime factors of 7673?
7673
List the prime factors of 33304.
2, 23, 181
List the prime factors of 11857.
71, 167
What are the prime factors of 267?
3, 89
What are the prime factors of 25199?
113, 223
List the prime factors of 2216.
2, 277
List the prime factors of 73244.
2, 18311
What are the prime factors of 1338?
2, 3, 223
List the prime factors of 51.
3, 17
List the prime factors of 2101.
11, 191
List the prime factors of 7304.
2, 11, 83
List the prime factors of 101339.
7, 31, 467
What are the prime factors of 13655?
5, 2731
List the prime factors of 112619.
13, 8663
List the prime factors of 27921.
3, 41, 227
List the prime factors of 1953.
3, 7, 31
List the prime factors of 61243.
7, 13, 673
List the prime factors of 912.
2, 3, 19
List the prime factors of 2338.
2, 7, 167
What are the prime factors of 23150?
2, 5, 463
What are the prime factors of 2468?
2, 617
What are the prime factors of 420?
2, 3, 5, 7
What are the prime factors of 59790?
2, 3, 5, 1993
What are the prime factors of 371?
7, 53
What are the prime factors of 3896?
2, 487
What are the prime factors of 2418?
2, 3, 13, 31
What are the prime factors of 3135?
3, 5, 11, 19
List the prime factors of 578.
2, 17
List the prime factors of 1007.
19, 53
What are the prime factors of 2215?
5, 443
List the prime factors of 26838.
2, 3, 7, 71
What are the prime factors of 8350?
2, 5, 167
What are the prime factors of 1572?
2, 3, 131
What are the prime factors of 7380?
2, 3, 5, 41
List the prime factors of 71838.
2, 3, 13, 307
What are the prime factors of 155?
5, 31
What are the prime factors of 267?
3, 89
What are the prime factors of 565?
5, 113
List the prime factors of 383.
383
List the prime factors of 7429.
17, 19, 23
What are the prime factors of 2749?
2749
List the prime factors of 4995.
3, 5, 37
List the prime factors of 1979.
1979
List the prime factors of 908.
2, 227
What are the prime factors of 844?
2, 211
List the prime factors of 1043.
7, 149
What are the prime factors of 84182?
2, 7, 859
List the prime factors of 45375.
3, 5, 11
What are the prime factors of 1253?
7, 179
List the prime factors of 2878.
2, 1439
What are the prime factors of 127325?
5, 11, 463
What are the prime factors of 3687?
3, 1229
What are the prime factors of 8740?
2, 5, 19, 23
What are the prime factors of 5328?
2, 3, 37
What are the prime factors of 13280?
2, 5, 83
What are the prime factors of 70?
2, 5, 7
List the prime factors of 67429.
67429
What are the prime factors of 733?
733
What are the prime factors of 1313?
13, 101
What are the prime factors of 12793?
11, 1163
What are the prime factors of 42699?
3, 43, 331
List the prime factors of 116978.
2, 23, 2543
What are the prime factors of 4643?
4643
What are the prime factors of 2392?
2, 13, 23
What are the prime factors of 5254?
2, 37, 71
What are the prime factors of 142634?
2, 71317
List the prime factors of 905.
5, 181
What are the prime factors of 991?
991
What are the prime factors of 1585?
5, 317
What are the prime factors of 9376?
2, 293
List the prime factors of 4782.
2, 3, 797
What are the prime factors of 3240?
2, 3, 5
List the prime factors of 51502.
2, 11, 2341
List the prime factors of 6775.
5, 271
What are the prime factors of 876?
2, 3, 73
List the prime factors of 2370.
2, 3, 5, 79
List the prime factors of 8646.
2, 3, 11, 131
What are the prime factors of 14242?
2, 7121
What are the prime factors of 125744?
2, 29, 271
What are the prime factors of 745?
5, 149
What are the prime factors of 846?
2, 3, 47
What are the prime factors of 23537?
23537
List the prime factors of 954.
2, 3, 53
What are the prime factors of 10187?
61, 167
What are the prime factors of 123485?
5, 24697
List the prime factors of 1385.
5, 277
List the prime factors of 2295.
3, 5, 17
List the prime factors of 10383.
3, 3461
What are the prime factors of 231?
3, 7, 11
What are the prime factors of 61762?
2, 30881
What are the prime factors of 274?
2, 137
List the prime factors of 591.
3, 197
What are the prime factors of 12351?
3, 23, 179
What are the prime factors of 754?
2, 13, 29
What are the prime factors of 1970?
2, 5, 197
List the prime factors of 27121.
37, 733
What are the prime factors of 8427?
3, 53
What are the prime factors of 11465?
5, 2293
List the prime factors of 162546.
2, 3, 27091
List the prime factors of 31891.
31891
What are the prime factors of 918?
2, 3, 17
What are the prime factors of 22870?
2, 5, 2287
List the prime factors of 20775.
3, 5, 277
What are the prime factors of 2337?
3, 19, 41
List the prime factors of 23.
23
List the prime factors of 1676.
2, 419
List the prime factors of 6313.
59, 107
List the prime factors of 1241.
17, 73
What are the prime factors of 359?
359
What are the prime factors of 8885?
5, 1777
List the prime factors of 10252.
2, 11, 233
List the prime factors of 10260.
2, 3, 5, 19
What are the prime factors of 582?
2, 3, 97
List the prime factors of 1901.
